me factors of 6816402755.
5, 89, 15317759
List the prime factors of 28594063.
28594063
List the prime factors of 1954995821.
29, 67413649
What are the prime factors of 1250580136?
2, 13, 47, 255847
What are the prime factors of 18976927?
353, 53759
List the prime factors of 44671920.
2, 3, 5, 17, 10949
What are the prime factors of 470011526?
2, 29, 53, 152899
List the prime factors of 874372162.
2, 97, 4507073
What are the prime factors of 23519786?
2, 1277, 9209
List the prime factors of 2911960531.
2911960531
List the prime factors of 5408841785.
5, 1039, 1041163
What are the prime factors of 634422354?
2, 3, 17, 6219827
List the prime factors of 810816824.
2, 103, 271, 3631
What are the prime factors of 42593907?
3, 23, 31, 19913
What are the prime factors of 14633063?
313, 46751
List the prime factors of 3759432216.
2, 3, 156643009
List the prime factors of 7649541966.
2, 3, 11, 571, 202981
List the prime factors of 3302359553.
21347, 154699
What are the prime factors of 1499519969?
17, 3733, 23629
What are the prime factors of 172666380?
2, 3, 5, 2877773
What are the prime factors of 231959346?
2, 3, 38659891
What are the prime factors of 2007518419?
5087, 394637
List the prime factors of 3470607908.
2, 23, 239, 157841
List the prime factors of 88494073.
229, 386437
What are the prime factors of 3395254262?
2, 661, 2568271
What are the prime factors of 74719133?
541, 138113
List the prime factors of 163113345.
3, 5, 487, 827
List the prime factors of 1024702738.
2, 4159, 123191
What are the prime factors of 14647968?
2, 3, 181, 281
What are the prime factors of 4507827943?
41, 109947023
What are the prime factors of 353968805?
5, 661, 107101
What are the prime factors of 14420021?
7, 11, 187273
List the prime factors of 487799254.
2, 243899627
List the prime factors of 30488460.
2, 3, 5, 269, 1889
List the prime factors of 1361946281.
31, 43933751
What are the prime factors of 1554652687?
7, 4793, 46337
What are the prime factors of 90482967?
3, 1087, 3083
What are the prime factors of 4544698261?
9791, 464171
What are the prime factors of 3353922553?
127, 26408839
List the prime factors of 394215078.
2, 3, 19, 23, 251, 599
List the prime factors of 66660996.
2, 3, 5555083
List the prime factors of 25521804.
2, 3, 7, 11, 31
What are the prime factors of 60410030?
2, 5, 6041003
What are the prime factors of 44317737?
3, 1013, 4861
List the prime factors of 84202845.
3, 5, 1621, 3463
What are the prime factors of 196731292?
2, 197, 249659
List the prime factors of 1154841433.
17, 53, 233, 5501
What are the prime factors of 2901357366?
2, 3, 811, 596251
List the prime factors of 5111238607.
137, 37308311
List the prime factors of 28091822.
2, 11, 577, 2213
What are the prime factors of 2089418639?
7, 11, 107, 253601
What are the prime factors of 31367793?
3, 389, 26879
What are the prime factors of 28508274?
2, 3, 19553
List the prime factors of 1444832179.
7, 59, 71, 7039
List the prime factors of 656376372.
2, 3, 29, 69857
List the prime factors of 62677604.
2, 11, 107, 13313
List the prime factors of 364272561.
3, 1777, 22777
List the prime factors of 485724175.
5, 89, 199, 1097
What are the prime factors of 3380759171?
467, 1277, 5669
List the prime factors of 3176681478.
2, 3, 19, 23, 1211549
What are the prime factors of 139952917?
13, 19, 43, 13177
List the prime factors of 31517652.
2, 3, 2626471
What are the prime factors of 48947820?
2, 3, 5, 347, 2351
List the prime factors of 366390785.
5, 29, 1489, 1697
List the prime factors of 238801063.
19, 12568477
What are the prime factors of 863538599?
7, 11, 43, 260809
What are the prime factors of 124693347?
3, 41564449
What are the prime factors of 52274443?
13, 29, 313, 443
List the prime factors of 126936594.
2, 3, 7052033
What are the prime factors of 5661776691?
3, 29, 83, 87119
What are the prime factors of 42583978?
2, 19, 61, 18371
List the prime factors of 67917473.
13, 5224421
List the prime factors of 1691405364.
2, 3, 11, 12813677
What are the prime factors of 406819331?
23, 17687797
List the prime factors of 1694323312.
2, 11, 61, 14347
What are the prime factors of 542293910?
2, 5, 29, 89, 21011
What are the prime factors of 2768406067?
7, 709, 79687
List the prime factors of 296751727.
23, 41, 137, 2297
What are the prime factors of 1005968340?
2, 3, 5, 13, 429901
List the prime factors of 712935772.
2, 178233943
List the prime factors of 202785621.
3, 919, 73553
List the prime factors of 101704448.
2, 397283
What are the prime factors of 2722587195?
3, 5, 73, 2486381
What are the prime factors of 1441017531?
3, 83, 1929073
What are the prime factors of 1855467?
3, 22907
List the prime factors of 47633316.
2, 3, 3969443
What are the prime factors of 8619968?
2, 7, 71, 271
List the prime factors of 3797295248.
2, 6089, 38977
What are the prime factors of 42351550?
2, 5, 847031
List the prime factors of 136611837.
3, 29, 523417
What are the prime factors of 65735381?
59, 1114159
List the prime factors of 327785142.
2, 3, 991, 55127
What are the prime factors of 34094408?
2, 83, 51347
List the prime factors of 786515628.
2, 3, 41, 281, 5689
List the prime factors of 3337172596.
2, 834293149
What are the prime factors of 11990808?
2, 3, 43, 1291
What are the prime factors of 7476892?
2, 61, 30643
List the prime factors of 106000114.
2, 11, 438017
What are the prime factors of 4595419190?
2, 5, 459541919
What are the prime factors of 15123064?
2, 11, 17, 919
List the prime factors of 5279193589.
197, 199, 311, 433
What are the prime factors of 115418253?
3, 17, 137, 16519
What are the prime factors of 2949116230?
2, 5, 1447, 203809
What are the prime factors of 54765714?
2, 3, 19, 23, 20887
List the prime factors of 8759460259.
11, 796314569
List the prime factors of 1389355754.
2, 271, 2563387
What are the prime factors of 52046894?
2, 17, 1530791
What are the prime factors of 326738730?
2, 3, 5, 10891291
What are the prime factors of 596219825?
5, 1213, 19661
List the prime factors of 76500980.
2, 5, 3825049
List the prime factors of 213020870.
2, 5, 683, 31189
List the prime factors of 879212417.
5051, 174067
What are the prime factors of 374061076?
2, 1447, 64627
What are the prime factors of 127660305?
3, 5, 53, 160579
List the prime factors of 15032890.
2, 5, 73, 20593
List the prime factors of 311353756.
2, 7, 47, 103, 2297
List the prime factors of 153883157.
223, 690059
What are the prime factors of 1148672167?
17, 67568951
What are the prime factors of 696842287?
696842287
What are the prime factors of 443257529?
11, 13, 113, 27431
List the prime factors of 3286536521.
241, 251, 54331
What are the prime factors of 39115133?
39115133
List the prime factors of 92376161.
37, 293, 8521
What are the prime factors of 307108854?
2, 3, 13, 181, 2417
List the prime factors of 7904376709.
73, 108279133
List the prime factors of 612071055.
3, 5, 23, 73, 8101
List the prime factors of 154602347.
154602347
What are the prime factors of 2776300542?
2, 3, 31, 1658483
What are the prime factors of 5092416651?
3, 7, 19, 12762949
List the prime factors of 111949351.
111949351
List the prime factors of 1088690518.
2, 2957, 184087
What are the prime factors of 19978141?
919, 21739
What are the prime factors of 30275473?
47, 644159
List the prime factors of 6161600659.
709, 8690551
What are the prime factors of 46573222?
2, 31, 751181
List the prime factors of 835706672.
2, 17, 3072451
List the prime factors of 453521391.
3, 5689, 26573
List the prime factors of 31292851.
31292851
What are the prime factors of 616465420?
2, 5, 3001, 10271
What are the prime factors of 557447882?
2, 6689, 41669
List the prime factors of 73890575.
5, 11, 268693
What are the prime factors of 3346776843?
3, 443, 2518267
What are the prime factors of 88457126?
2, 23, 613, 3137
What are the prime factors of 1886317446?
2, 3, 13, 23, 1051459
List the prime factors of 681052025.
5, 41, 664441
What are the prime factors of 465702238?
2, 97, 1213, 1979
What are the prime factors of 151171966?
2, 11, 67, 102559
List the prime factors of 346461348.
2, 3, 28871779
List the prime factors of 3686422269.
3, 127, 9675649
List the prime factors of 176675745.
3, 5, 233, 50551
List the prime factors of 1813563776.
2, 